{"id":127,"date":"2021-04-17T20:10:46","date_gmt":"2021-04-17T18:10:46","guid":{"rendered":"https:\/\/www.miller-pressen.de\/?page_id=127"},"modified":"2022-10-04T15:05:37","modified_gmt":"2022-10-04T13:05:37","slug":"zubehoer","status":"publish","type":"page","link":"https:\/\/www.miller-pressen.de\/?page_id=127","title":{"rendered":"Zubeh\u00f6r"},"content":{"rendered":"\n<h4 class=\"wp-block-heading\">Miller Pressen bietet f\u00fcr Ihre Einpressmaschinen eine breite Auswahl an Zubeh\u00f6r- und Ersatzteilen an.<\/h4>\n\n\n\n<figure class=\"wp-block-gallery aligncenter has-nested-images columns-1 wp-block-gallery-1 is-layout-flex wp-block-gallery-is-layout-flex\">\n<figure class=\"wp-block-image size-large\"><img loading=\"lazy\" decoding=\"async\" width=\"1024\" height=\"571\" data-id=\"142\" src=\"https:\/\/www.miller-pressen.de\/wp-content\/uploads\/2021\/04\/Zubehoer-1-1024x571.jpg\" alt=\"\" class=\"wp-image-142\" srcset=\"https:\/\/www.miller-pressen.de\/wp-content\/uploads\/2021\/04\/Zubehoer-1-1024x571.jpg 1024w, https:\/\/www.miller-pressen.de\/wp-content\/uploads\/2021\/04\/Zubehoer-1-300x167.jpg 300w, https:\/\/www.miller-pressen.de\/wp-content\/uploads\/2021\/04\/Zubehoer-1-768x428.jpg 768w, https:\/\/www.miller-pressen.de\/wp-content\/uploads\/2021\/04\/Zubehoer-1-1536x856.jpg 1536w, https:\/\/www.miller-pressen.de\/wp-content\/uploads\/2021\/04\/Zubehoer-1-1200x669.jpg 1200w, https:\/\/www.miller-pressen.de\/wp-content\/uploads\/2021\/04\/Zubehoer-1-1980x1103.jpg 1980w, https:\/\/www.miller-pressen.de\/wp-content\/uploads\/2021\/04\/Zubehoer-1.jpg 2046w\" sizes=\"auto, (max-width: 1024px) 100vw, 1024px\" \/><figcaption>Zuberh\u00f6r<\/figcaption><\/figure>\n<\/figure>\n\n\n\n<h4 class=\"wp-block-heading\">Um Ihre Miller-Pressen leistungsf\u00e4higer zu machen schauen Sie doch mal auf der Seite unserer Automatisierungstehnik vorbei.<\/h4>\n\n\n\n<p><\/p>\n","protected":false},"excerpt":{"rendered":"<p>Miller Pressen bietet f\u00fcr Ihre Einpressmaschinen eine breite Auswahl an Zubeh\u00f6r- und Ersatzteilen an. Um Ihre Miller-Pressen leistungsf\u00e4higer zu machen schauen Sie doch mal auf der Seite unserer Automatisierungstehnik vorbei.<\/p>\n","protected":false},"author":1,"featured_media":0,"parent":0,"menu_order":0,"comment_status":"closed","ping_status":"closed","template":"","meta":{"footnotes":""},"class_list":["post-127","page","type-page","status-publish","hentry"],"_links":{"self":[{"href":"https:\/\/www.miller-pressen.de\/index.php?rest_route=\/wp\/v2\/pages\/127","targetHints":{"allow":["GET"]}}],"collection":[{"href":"https:\/\/www.miller-pressen.de\/index.php?rest_route=\/wp\/v2\/pages"}],"about":[{"href":"https:\/\/www.miller-pressen.de\/index.php?rest_route=\/wp\/v2\/types\/page"}],"author":[{"embeddable":true,"href":"https:\/\/www.miller-pressen.de\/index.php?rest_route=\/wp\/v2\/users\/1"}],"replies":[{"embeddable":true,"href":"https:\/\/www.miller-pressen.de\/index.php?rest_route=%2Fwp%2Fv2%2Fcomments&post=127"}],"version-history":[{"count":3,"href":"https:\/\/www.miller-pressen.de\/index.php?rest_route=\/wp\/v2\/pages\/127\/revisions"}],"predecessor-version":[{"id":287,"href":"https:\/\/www.miller-pressen.de\/index.php?rest_route=\/wp\/v2\/pages\/127\/revisions\/287"}],"wp:attachment":[{"href":"https:\/\/www.miller-pressen.de\/index.php?rest_route=%2Fwp%2Fv2%2Fmedia&parent=127"}],"curies":[{"name":"wp","href":"https:\/\/api.w.org\/{rel}","templated":true}]}}