{"id":146,"date":"2021-04-17T20:18:55","date_gmt":"2021-04-17T18:18:55","guid":{"rendered":"https:\/\/www.miller-pressen.de\/?page_id=146"},"modified":"2022-10-04T14:57:30","modified_gmt":"2022-10-04T12:57:30","slug":"doppel-matrizenaufnahme","status":"publish","type":"page","link":"https:\/\/www.miller-pressen.de\/?page_id=146","title":{"rendered":"Matrizenaufnahmen"},"content":{"rendered":"\n<h2 class=\"has-text-align-center wp-block-heading\">Zweifach<\/h2>\n\n\n\n<p class=\"has-small-font-size\">die Matrizenaufnahme mit 2 verschiedenen Formen der Werzeugaufnahme bietet eine stabile Halterung f\u00fcr Ihre Matrizen. Auf der einen Seite k\u00f6nnen die Matrizen f\u00fcr Standardanwendungen befestigt werden, die zweite Seite ist schlanker ausgef\u00fchrt um Einpressarbeiten an Bauteilen mit geringen Platzverh\u00e4ltnissen durchzuf\u00fchren.<\/p>\n\n\n\n<figure class=\"wp-block-image size-large\"><img loading=\"lazy\" decoding=\"async\" width=\"1024\" height=\"576\" src=\"https:\/\/www.miller-pressen.de\/wp-content\/uploads\/2021\/04\/MP_WZ-Aufnahme-1-e1618683510917-1024x576.jpg\" alt=\"\" class=\"wp-image-138\" srcset=\"https:\/\/www.miller-pressen.de\/wp-content\/uploads\/2021\/04\/MP_WZ-Aufnahme-1-e1618683510917-1024x576.jpg 1024w, https:\/\/www.miller-pressen.de\/wp-content\/uploads\/2021\/04\/MP_WZ-Aufnahme-1-e1618683510917-300x169.jpg 300w, https:\/\/www.miller-pressen.de\/wp-content\/uploads\/2021\/04\/MP_WZ-Aufnahme-1-e1618683510917-768x432.jpg 768w, https:\/\/www.miller-pressen.de\/wp-content\/uploads\/2021\/04\/MP_WZ-Aufnahme-1-e1618683510917-1200x675.jpg 1200w, https:\/\/www.miller-pressen.de\/wp-content\/uploads\/2021\/04\/MP_WZ-Aufnahme-1-e1618683510917.jpg 1365w\" sizes=\"auto, (max-width: 1024px) 100vw, 1024px\" \/><\/figure>\n\n\n\n<h2 class=\"wp-block-heading\">4-Fach Matrize manuell.<\/h2>\n\n\n\n<p class=\"has-small-font-size\">Das Werkzeugkreuz bietet 4 Aufnahmen f\u00fcr verschiedene Matrizen. Die k\u00f6nnen vom Bediener manuell gedreht werden, wodurch 4 verschiedene Matrizen ohne Werkzeugwechsel zum Einsatz kommen k\u00f6nnen.<\/p>\n\n\n\n<figure class=\"wp-block-image size-large\"><img loading=\"lazy\" decoding=\"async\" width=\"1024\" height=\"683\" src=\"https:\/\/www.miller-pressen.de\/wp-content\/uploads\/2022\/10\/K1024_0S1A4469-1024x683.jpg\" alt=\"\" class=\"wp-image-276\" srcset=\"https:\/\/www.miller-pressen.de\/wp-content\/uploads\/2022\/10\/K1024_0S1A4469-1024x683.jpg 1024w, https:\/\/www.miller-pressen.de\/wp-content\/uploads\/2022\/10\/K1024_0S1A4469-300x200.jpg 300w, https:\/\/www.miller-pressen.de\/wp-content\/uploads\/2022\/10\/K1024_0S1A4469-768x512.jpg 768w, https:\/\/www.miller-pressen.de\/wp-content\/uploads\/2022\/10\/K1024_0S1A4469.jpg 1151w\" sizes=\"auto, (max-width: 1024px) 100vw, 1024px\" \/><\/figure>\n","protected":false},"excerpt":{"rendered":"<p>Zweifach die Matrizenaufnahme mit 2 verschiedenen Formen der Werzeugaufnahme bietet eine stabile Halterung f\u00fcr Ihre Matrizen. Auf der einen Seite k\u00f6nnen die Matrizen f\u00fcr Standardanwendungen befestigt werden, die zweite Seite ist schlanker ausgef\u00fchrt um Einpressarbeiten an Bauteilen mit geringen Platzverh\u00e4ltnissen durchzuf\u00fchren. 4-Fach Matrize manuell. Das Werkzeugkreuz bietet 4 Aufnahmen f\u00fcr verschiedene Matrizen. Die k\u00f6nnen vom [&hellip;]<\/p>\n","protected":false},"author":1,"featured_media":0,"parent":0,"menu_order":0,"comment_status":"closed","ping_status":"closed","template":"","meta":{"footnotes":""},"class_list":["post-146","page","type-page","status-publish","hentry"],"_links":{"self":[{"href":"https:\/\/www.miller-pressen.de\/index.php?rest_route=\/wp\/v2\/pages\/146","targetHints":{"allow":["GET"]}}],"collection":[{"href":"https:\/\/www.miller-pressen.de\/index.php?rest_route=\/wp\/v2\/pages"}],"about":[{"href":"https:\/\/www.miller-pressen.de\/index.php?rest_route=\/wp\/v2\/types\/page"}],"author":[{"embeddable":true,"href":"https:\/\/www.miller-pressen.de\/index.php?rest_route=\/wp\/v2\/users\/1"}],"replies":[{"embeddable":true,"href":"https:\/\/www.miller-pressen.de\/index.php?rest_route=%2Fwp%2Fv2%2Fcomments&post=146"}],"version-history":[{"count":5,"href":"https:\/\/www.miller-pressen.de\/index.php?rest_route=\/wp\/v2\/pages\/146\/revisions"}],"predecessor-version":[{"id":277,"href":"https:\/\/www.miller-pressen.de\/index.php?rest_route=\/wp\/v2\/pages\/146\/revisions\/277"}],"wp:attachment":[{"href":"https:\/\/www.miller-pressen.de\/index.php?rest_route=%2Fwp%2Fv2%2Fmedia&parent=146"}],"curies":[{"name":"wp","href":"https:\/\/api.w.org\/{rel}","templated":true}]}}